{"id":525,"date":"2023-10-12T23:50:01","date_gmt":"2023-10-12T23:50:01","guid":{"rendered":"https:\/\/liderpro.cl\/?post_type=product&#038;p=525"},"modified":"2024-07-10T16:34:28","modified_gmt":"2024-07-10T16:34:28","slug":"sobrelente-de-seguridad-top-gun","status":"publish","type":"product","link":"https:\/\/liderpro.cl\/index.php\/product\/sobrelente-de-seguridad-top-gun\/","title":{"rendered":"Sobrelente de seguridad top gun"},"content":{"rendered":"<p>TALLA UNICA.<\/p>\n","protected":false},"excerpt":{"rendered":"<p>Lente de policarbonato, marco de nylon, con patillas regulables de ajuste angular, cuenta con protecci\u00f3n lateral para mayor cobertura del rostro. Posee soporte frontal, para mejorar ajuste a la cara. Este modelo esta espec\u00edficamente adaptado para ser utilizado con ANTEOJOS DE PRESCRIPCI\u00d3N. Tiene filtro 99,9% de protecci\u00f3n UV.<\/p>\n","protected":false},"featured_media":526,"comment_status":"open","ping_status":"closed","template":"","meta":[],"product_brand":[],"product_cat":[22,27],"product_tag":[],"class_list":{"0":"post-525","1":"product","2":"type-product","3":"status-publish","4":"has-post-thumbnail","6":"product_cat-proteccion-personal","7":"product_cat-visual","9":"first","10":"instock","11":"shipping-taxable","12":"product-type-simple"},"_links":{"self":[{"href":"https:\/\/liderpro.cl\/index.php\/wp-json\/wp\/v2\/product\/525","targetHints":{"allow":["GET"]}}],"collection":[{"href":"https:\/\/liderpro.cl\/index.php\/wp-json\/wp\/v2\/product"}],"about":[{"href":"https:\/\/liderpro.cl\/index.php\/wp-json\/wp\/v2\/types\/product"}],"replies":[{"embeddable":true,"href":"https:\/\/liderpro.cl\/index.php\/wp-json\/wp\/v2\/comments?post=525"}],"wp:featuredmedia":[{"embeddable":true,"href":"https:\/\/liderpro.cl\/index.php\/wp-json\/wp\/v2\/media\/526"}],"wp:attachment":[{"href":"https:\/\/liderpro.cl\/index.php\/wp-json\/wp\/v2\/media?parent=525"}],"wp:term":[{"taxonomy":"product_brand","embeddable":true,"href":"https:\/\/liderpro.cl\/index.php\/wp-json\/wp\/v2\/product_brand?post=525"},{"taxonomy":"product_cat","embeddable":true,"href":"https:\/\/liderpro.cl\/index.php\/wp-json\/wp\/v2\/product_cat?post=525"},{"taxonomy":"product_tag","embeddable":true,"href":"https:\/\/liderpro.cl\/index.php\/wp-json\/wp\/v2\/product_tag?post=525"}],"curies":[{"name":"wp","href":"https:\/\/api.w.org\/{rel}","templated":true}]}}