{"id":372,"date":"2023-10-10T22:10:07","date_gmt":"2023-10-10T22:10:07","guid":{"rendered":"https:\/\/liderpro.cl\/?post_type=product&#038;p=372"},"modified":"2024-07-12T18:38:32","modified_gmt":"2024-07-12T18:38:32","slug":"rodilleras","status":"publish","type":"product","link":"https:\/\/liderpro.cl\/index.php\/product\/rodilleras\/","title":{"rendered":"Rodilleras"},"content":{"rendered":"<p>Rodillera profesional construida en descarne acolchado. R\u00f3tula perforada de poliuretano de alta densidad. Doble cinta el\u00e1stica con velcro Usos industrial en general, alba\u00f1iles, carpinter\u00eda, trabajos a ras de suelo y usos deportivos.<\/p>\n","protected":false},"excerpt":{"rendered":"<ul>\n<li>Rodillera Profesional construida en descarne acolchado.<\/li>\n<li>Rotula perforada de poliuretano de alta densidad.<\/li>\n<li>Doble cinta el\u00e1stica con velcro<\/li>\n<li>Hecho para protecci\u00f3n seguridad laboral, cubriendo todas las industrias.<\/li>\n<li>Adem\u00e1s de actividades de tiempo libre y deporte.<\/li>\n<li>Algunos usos son: Soldadores, alba\u00f1iles, carpinter\u00eda, uso industrial en general y deportivos.<\/li>\n<\/ul>\n","protected":false},"featured_media":964,"comment_status":"open","ping_status":"closed","template":"","meta":[],"product_brand":[],"product_cat":[31,22],"product_tag":[],"class_list":{"0":"post-372","1":"product","2":"type-product","3":"status-publish","4":"has-post-thumbnail","6":"product_cat-accesorios","7":"product_cat-proteccion-personal","9":"first","10":"instock","11":"shipping-taxable","12":"product-type-simple"},"_links":{"self":[{"href":"https:\/\/liderpro.cl\/index.php\/wp-json\/wp\/v2\/product\/372","targetHints":{"allow":["GET"]}}],"collection":[{"href":"https:\/\/liderpro.cl\/index.php\/wp-json\/wp\/v2\/product"}],"about":[{"href":"https:\/\/liderpro.cl\/index.php\/wp-json\/wp\/v2\/types\/product"}],"replies":[{"embeddable":true,"href":"https:\/\/liderpro.cl\/index.php\/wp-json\/wp\/v2\/comments?post=372"}],"wp:featuredmedia":[{"embeddable":true,"href":"https:\/\/liderpro.cl\/index.php\/wp-json\/wp\/v2\/media\/964"}],"wp:attachment":[{"href":"https:\/\/liderpro.cl\/index.php\/wp-json\/wp\/v2\/media?parent=372"}],"wp:term":[{"taxonomy":"product_brand","embeddable":true,"href":"https:\/\/liderpro.cl\/index.php\/wp-json\/wp\/v2\/product_brand?post=372"},{"taxonomy":"product_cat","embeddable":true,"href":"https:\/\/liderpro.cl\/index.php\/wp-json\/wp\/v2\/product_cat?post=372"},{"taxonomy":"product_tag","embeddable":true,"href":"https:\/\/liderpro.cl\/index.php\/wp-json\/wp\/v2\/product_tag?post=372"}],"curies":[{"name":"wp","href":"https:\/\/api.w.org\/{rel}","templated":true}]}}