{"id":350,"date":"2023-10-10T22:01:58","date_gmt":"2023-10-10T22:01:58","guid":{"rendered":"https:\/\/liderpro.cl\/?post_type=product&#038;p=350"},"modified":"2024-07-15T20:18:47","modified_gmt":"2024-07-15T20:18:47","slug":"polera-pique-manga-larga-mujer","status":"publish","type":"product","link":"https:\/\/liderpro.cl\/index.php\/product\/polera-pique-manga-larga-mujer\/","title":{"rendered":"Polera piqu\u00e9 manga larga mujer"},"content":{"rendered":"<p>TALLAS:<\/p>\n<p>Desde la S hasta la XXL<\/p>\n<p>Consultar disponibilidad de colores.<\/p>\n","protected":false},"excerpt":{"rendered":"<p>Polera polo manga corta en tela pique. Tela suave al tacto de inspiraci\u00f3n deportiva atemporal que usar\u00e1s una y otra vez. F\u00e1cil lavado y secado. Colores cl\u00e1sicos\u00a0 para obtener un look mas casual administrativo. Adecuado para el bordado y estampado.<\/p>\n<ul>\n<li>Excelentes Terminaciones<\/li>\n<li>Cuello camisero tejido<\/li>\n<li>Pu\u00f1os Tejidos<\/li>\n<li>Costuras Reforzadas<\/li>\n<li>Gramaje 230 grs<\/li>\n<\/ul>\n","protected":false},"featured_media":990,"comment_status":"open","ping_status":"closed","template":"","meta":[],"product_brand":[],"product_cat":[35,21,24],"product_tag":[],"class_list":{"0":"post-350","1":"product","2":"type-product","3":"status-publish","4":"has-post-thumbnail","6":"product_cat-poleras","7":"product_cat-uniformes","8":"product_cat-uniformes-coorporativos","10":"first","11":"instock","12":"shipping-taxable","13":"product-type-simple"},"_links":{"self":[{"href":"https:\/\/liderpro.cl\/index.php\/wp-json\/wp\/v2\/product\/350","targetHints":{"allow":["GET"]}}],"collection":[{"href":"https:\/\/liderpro.cl\/index.php\/wp-json\/wp\/v2\/product"}],"about":[{"href":"https:\/\/liderpro.cl\/index.php\/wp-json\/wp\/v2\/types\/product"}],"replies":[{"embeddable":true,"href":"https:\/\/liderpro.cl\/index.php\/wp-json\/wp\/v2\/comments?post=350"}],"wp:featuredmedia":[{"embeddable":true,"href":"https:\/\/liderpro.cl\/index.php\/wp-json\/wp\/v2\/media\/990"}],"wp:attachment":[{"href":"https:\/\/liderpro.cl\/index.php\/wp-json\/wp\/v2\/media?parent=350"}],"wp:term":[{"taxonomy":"product_brand","embeddable":true,"href":"https:\/\/liderpro.cl\/index.php\/wp-json\/wp\/v2\/product_brand?post=350"},{"taxonomy":"product_cat","embeddable":true,"href":"https:\/\/liderpro.cl\/index.php\/wp-json\/wp\/v2\/product_cat?post=350"},{"taxonomy":"product_tag","embeddable":true,"href":"https:\/\/liderpro.cl\/index.php\/wp-json\/wp\/v2\/product_tag?post=350"}],"curies":[{"name":"wp","href":"https:\/\/api.w.org\/{rel}","templated":true}]}}