{"id":346,"date":"2023-10-10T21:59:59","date_gmt":"2023-10-10T21:59:59","guid":{"rendered":"https:\/\/liderpro.cl\/?post_type=product&#038;p=346"},"modified":"2024-07-15T20:43:07","modified_gmt":"2024-07-15T20:43:07","slug":"polera-pique-manga-corta-hombre","status":"publish","type":"product","link":"https:\/\/liderpro.cl\/index.php\/product\/polera-pique-manga-corta-hombre\/","title":{"rendered":"Polera piqu\u00e9 manga corta hombre"},"content":{"rendered":"<p>TALLAS:<\/p>\n<p>Desde la S hasta la XXL<\/p>\n<p>Consultar disponibilidad de colores<\/p>\n","protected":false},"excerpt":{"rendered":"<ul>\n<li>Polera pique Maritex.<\/li>\n<li>Cuello y Pu\u00f1os Rib.<\/li>\n<li>Apertura de cuello con 2 Botones.<\/li>\n<li>Costados con apertura de tajali de 5 cms.<\/li>\n<li>Protecci\u00f3n FPS 50+.<\/li>\n<li>Costuras reforzadas.<\/li>\n<li>Tapa costuras en tajali y cuello<\/li>\n<li>Composici\u00f3n 60% algod\u00f3n 40% poli\u00e9ster. (230 gramaje)<\/li>\n<\/ul>\n","protected":false},"featured_media":996,"comment_status":"open","ping_status":"closed","template":"","meta":[],"product_brand":[],"product_cat":[35,21,24],"product_tag":[],"class_list":{"0":"post-346","1":"product","2":"type-product","3":"status-publish","4":"has-post-thumbnail","6":"product_cat-poleras","7":"product_cat-uniformes","8":"product_cat-uniformes-coorporativos","10":"first","11":"instock","12":"shipping-taxable","13":"product-type-simple"},"_links":{"self":[{"href":"https:\/\/liderpro.cl\/index.php\/wp-json\/wp\/v2\/product\/346","targetHints":{"allow":["GET"]}}],"collection":[{"href":"https:\/\/liderpro.cl\/index.php\/wp-json\/wp\/v2\/product"}],"about":[{"href":"https:\/\/liderpro.cl\/index.php\/wp-json\/wp\/v2\/types\/product"}],"replies":[{"embeddable":true,"href":"https:\/\/liderpro.cl\/index.php\/wp-json\/wp\/v2\/comments?post=346"}],"wp:featuredmedia":[{"embeddable":true,"href":"https:\/\/liderpro.cl\/index.php\/wp-json\/wp\/v2\/media\/996"}],"wp:attachment":[{"href":"https:\/\/liderpro.cl\/index.php\/wp-json\/wp\/v2\/media?parent=346"}],"wp:term":[{"taxonomy":"product_brand","embeddable":true,"href":"https:\/\/liderpro.cl\/index.php\/wp-json\/wp\/v2\/product_brand?post=346"},{"taxonomy":"product_cat","embeddable":true,"href":"https:\/\/liderpro.cl\/index.php\/wp-json\/wp\/v2\/product_cat?post=346"},{"taxonomy":"product_tag","embeddable":true,"href":"https:\/\/liderpro.cl\/index.php\/wp-json\/wp\/v2\/product_tag?post=346"}],"curies":[{"name":"wp","href":"https:\/\/api.w.org\/{rel}","templated":true}]}}