{"id":204,"date":"2023-10-09T14:37:44","date_gmt":"2023-10-09T14:37:44","guid":{"rendered":"https:\/\/liderpro.cl\/?post_type=product&#038;p=204"},"modified":"2024-07-17T17:03:26","modified_gmt":"2024-07-17T17:03:26","slug":"pantalon-cargo-alerce-hombre","status":"publish","type":"product","link":"https:\/\/liderpro.cl\/index.php\/product\/pantalon-cargo-alerce-hombre\/","title":{"rendered":"Pantal\u00f3n cargo alerce hombre"},"content":{"rendered":"<p>TALLAS:<\/p>\n<p>Desde la 40 a la 60<\/p>\n<p>Colores: Negro, beige, azul marino, gris.<\/p>\n","protected":false},"excerpt":{"rendered":"<p>Pantal\u00f3n cargo de la l\u00ednea Alerce, confeccionado en tela Surenntex perfecta combinaci\u00f3n entre resistencia y suavidad, esta cualidad permite que tus movimientos sean c\u00f3modos y libre de ejecutar en tu trabajo. su dise\u00f1o con cortes y l\u00edneas m\u00e1s simples se mezcla con los m\u00faltiples bolsillos logrando el equilibrio perfecto entre simplicidad y funcionalidad.<\/p>\n<ul>\n<li>Tela: Surenntex<\/li>\n<li>Calce: Regular<\/li>\n<li>Composici\u00f3n: 80% Poli\u00e9ster 20% Algod\u00f3n<\/li>\n<li>Gramaje: 240 gr.<\/li>\n<li>Multibolsillo<\/li>\n<li>Regular Fit<\/li>\n<li>Triple Costura<\/li>\n<\/ul>\n","protected":false},"featured_media":1093,"comment_status":"open","ping_status":"closed","template":"","meta":[],"product_brand":[],"product_cat":[34,21,24],"product_tag":[],"class_list":{"0":"post-204","1":"product","2":"type-product","3":"status-publish","4":"has-post-thumbnail","6":"product_cat-pantalones","7":"product_cat-uniformes","8":"product_cat-uniformes-coorporativos","10":"first","11":"instock","12":"shipping-taxable","13":"product-type-simple"},"_links":{"self":[{"href":"https:\/\/liderpro.cl\/index.php\/wp-json\/wp\/v2\/product\/204","targetHints":{"allow":["GET"]}}],"collection":[{"href":"https:\/\/liderpro.cl\/index.php\/wp-json\/wp\/v2\/product"}],"about":[{"href":"https:\/\/liderpro.cl\/index.php\/wp-json\/wp\/v2\/types\/product"}],"replies":[{"embeddable":true,"href":"https:\/\/liderpro.cl\/index.php\/wp-json\/wp\/v2\/comments?post=204"}],"wp:featuredmedia":[{"embeddable":true,"href":"https:\/\/liderpro.cl\/index.php\/wp-json\/wp\/v2\/media\/1093"}],"wp:attachment":[{"href":"https:\/\/liderpro.cl\/index.php\/wp-json\/wp\/v2\/media?parent=204"}],"wp:term":[{"taxonomy":"product_brand","embeddable":true,"href":"https:\/\/liderpro.cl\/index.php\/wp-json\/wp\/v2\/product_brand?post=204"},{"taxonomy":"product_cat","embeddable":true,"href":"https:\/\/liderpro.cl\/index.php\/wp-json\/wp\/v2\/product_cat?post=204"},{"taxonomy":"product_tag","embeddable":true,"href":"https:\/\/liderpro.cl\/index.php\/wp-json\/wp\/v2\/product_tag?post=204"}],"curies":[{"name":"wp","href":"https:\/\/api.w.org\/{rel}","templated":true}]}}